{"id":139,"date":"2018-07-01T08:42:23","date_gmt":"2018-07-01T08:42:23","guid":{"rendered":"https:\/\/demo.themeinwp.com\/infinity-mag\/?page_id=32"},"modified":"2022-02-07T12:22:33","modified_gmt":"2022-02-07T11:22:33","slug":"homepage","status":"publish","type":"page","link":"https:\/\/accionsg.crtvg.gal\/brillanaescuridade\/","title":{"rendered":"Homepage"},"content":{"rendered":"\t\t<div data-elementor-type=\"wp-post\" data-elementor-id=\"139\" class=\"elementor elementor-139\" data-elementor-settings=\"[]\">\n\t\t\t\t\t\t<div class=\"elementor-inner\">\n\t\t\t\t\t\t\t<div class=\"elementor-section-wrap\">\n\t\t\t\t\t\t\t<section class=\"elementor-section elementor-top-section elementor-element elementor-element-326b33b elementor-section-boxed elementor-section-height-default elementor-section-height-default\" data-id=\"326b33b\" data-element_type=\"section\" data-settings=\"{&quot;background_background&quot;:&quot;classic&quot;}\">\n\t\t\t\t\t\t<div class=\"elementor-container elementor-column-gap-default\">\n\t\t\t\t\t\t\t<div class=\"elementor-row\">\n\t\t\t\t\t<div class=\"elementor-column elementor-col-100 elementor-top-column elementor-element elementor-element-f65b5c3\" data-id=\"f65b5c3\" data-element_type=\"column\">\n\t\t\t<div class=\"elementor-column-wrap elementor-element-populated\">\n\t\t\t\t\t\t\t<div class=\"elementor-widget-wrap\">\n\t\t\t\t\t\t<section class=\"elementor-section elementor-inner-section elementor-element elementor-element-e5a3367 elementor-section-boxed elementor-section-height-default elementor-section-height-default\" data-id=\"e5a3367\" data-element_type=\"section\">\n\t\t\t\t\t\t<div class=\"elementor-container elementor-column-gap-default\">\n\t\t\t\t\t\t\t<div class=\"elementor-row\">\n\t\t\t\t\t<div class=\"elementor-column elementor-col-100 elementor-inner-column elementor-element elementor-element-da74ebc\" data-id=\"da74ebc\" data-element_type=\"column\">\n\t\t\t<div class=\"elementor-column-wrap elementor-element-populated\">\n\t\t\t\t\t\t\t<div class=\"elementor-widget-wrap\">\n\t\t\t\t\t\t<div class=\"elementor-element elementor-element-097b00c elementor-widget elementor-widget-image\" data-id=\"097b00c\" data-element_type=\"widget\" data-widget_type=\"image.default\">\n\t\t\t\t<div class=\"elementor-widget-container\">\n\t\t\t\t\t\t\t\t<div class=\"elementor-image\">\n\t\t\t\t\t\t\t\t\t\t\t\t<img width=\"750\" height=\"422\" src=\"https:\/\/accionsg.crtvg.gal\/brillanaescuridade\/wp-content\/uploads\/2022\/02\/Brilla-na-escuridade-1024x576.png\" class=\"attachment-large size-large\" alt=\"\" loading=\"lazy\" srcset=\"https:\/\/accionsg.crtvg.gal\/brillanaescuridade\/wp-content\/uploads\/2022\/02\/Brilla-na-escuridade-1024x576.png 1024w, https:\/\/accionsg.crtvg.gal\/brillanaescuridade\/wp-content\/uploads\/2022\/02\/Brilla-na-escuridade-300x169.png 300w, https:\/\/accionsg.crtvg.gal\/brillanaescuridade\/wp-content\/uploads\/2022\/02\/Brilla-na-escuridade-768x432.png 768w, https:\/\/accionsg.crtvg.gal\/brillanaescuridade\/wp-content\/uploads\/2022\/02\/Brilla-na-escuridade-1536x864.png 1536w, https:\/\/accionsg.crtvg.gal\/brillanaescuridade\/wp-content\/uploads\/2022\/02\/Brilla-na-escuridade-2048x1152.png 2048w\" sizes=\"(max-width: 750px) 100vw, 750px\" \/>\t\t\t\t\t\t\t\t\t\t\t\t\t\t<\/div>\n\t\t\t\t\t\t<\/div>\n\t\t\t\t<\/div>\n\t\t\t\t<div class=\"elementor-element elementor-element-d7ca39e elementor-widget elementor-widget-text-editor\" data-id=\"d7ca39e\" data-element_type=\"widget\" data-widget_type=\"text-editor.default\">\n\t\t\t\t<div class=\"elementor-widget-container\">\n\t\t\t\t\t\t\t\t<div class=\"elementor-text-editor elementor-clearfix\">\n\t\t\t\t<p>A CRTVG \u00e9 socia do Pacto Mundial das Naci\u00f3ns Unidas e encadra as s\u00faas acci\u00f3ns de Responsabilidade Social Corporativa no marco dos Obxectivos de Desenvolvemento Sustentable (ODS) de Naci\u00f3ns Unidas. Esta nova acci\u00f3n q<span>ue a CRTVG pon en marcha para fomentar o uso de&nbsp; elementos reflectantes aos viandantes nas estradas galegas <\/span>enm\u00e1rcase dentro do ODS n\u00famero tres que fai referencia \u00e1 Sa\u00fade e Benestar.<\/p>\t\t\t\t\t<\/div>\n\t\t\t\t\t\t<\/div>\n\t\t\t\t<\/div>\n\t\t\t\t\t\t<\/div>\n\t\t\t\t\t<\/div>\n\t\t<\/div>\n\t\t\t\t\t\t\t\t<\/div>\n\t\t\t\t\t<\/div>\n\t\t<\/section>\n\t\t\t\t\t\t<\/div>\n\t\t\t\t\t<\/div>\n\t\t<\/div>\n\t\t\t\t\t\t\t\t<\/div>\n\t\t\t\t\t<\/div>\n\t\t<\/section>\n\t\t\t\t<section class=\"elementor-section elementor-top-section elementor-element elementor-element-40c90fa elementor-section-boxed elementor-section-height-default elementor-section-height-default\" data-id=\"40c90fa\" data-element_type=\"section\" data-settings=\"{&quot;background_background&quot;:&quot;classic&quot;}\">\n\t\t\t\t\t\t<div class=\"elementor-container elementor-column-gap-default\">\n\t\t\t\t\t\t\t<div class=\"elementor-row\">\n\t\t\t\t\t<div class=\"elementor-column elementor-col-100 elementor-top-column elementor-element elementor-element-ae5c3d4\" data-id=\"ae5c3d4\" data-element_type=\"column\">\n\t\t\t<div class=\"elementor-column-wrap elementor-element-populated\">\n\t\t\t\t\t\t\t<div class=\"elementor-widget-wrap\">\n\t\t\t\t\t\t<div class=\"elementor-element elementor-element-3ae3f6c elementor-aspect-ratio-169 elementor-widget elementor-widget-video\" data-id=\"3ae3f6c\" data-element_type=\"widget\" data-settings=\"{&quot;youtube_url&quot;:&quot;https:\\\/\\\/www.youtube.com\\\/watch?v=lP5s0bYjg0Y&quot;,&quot;video_type&quot;:&quot;youtube&quot;,&quot;controls&quot;:&quot;yes&quot;,&quot;aspect_ratio&quot;:&quot;169&quot;}\" data-widget_type=\"video.default\">\n\t\t\t\t<div class=\"elementor-widget-container\">\n\t\t\t\t\t<div class=\"elementor-wrapper elementor-fit-aspect-ratio elementor-open-inline\">\n\t\t\t<div class=\"elementor-video\"><\/div>\t\t<\/div>\n\t\t\t\t<\/div>\n\t\t\t\t<\/div>\n\t\t\t\t\t\t<\/div>\n\t\t\t\t\t<\/div>\n\t\t<\/div>\n\t\t\t\t\t\t\t\t<\/div>\n\t\t\t\t\t<\/div>\n\t\t<\/section>\n\t\t\t\t<section class=\"elementor-section elementor-top-section elementor-element elementor-element-4ef108c elementor-section-boxed elementor-section-height-default elementor-section-height-default\" data-id=\"4ef108c\" data-element_type=\"section\">\n\t\t\t\t\t\t<div class=\"elementor-container elementor-column-gap-default\">\n\t\t\t\t\t\t\t<div class=\"elementor-row\">\n\t\t\t\t\t<div class=\"elementor-column elementor-col-33 elementor-top-column elementor-element elementor-element-302689b\" data-id=\"302689b\" data-element_type=\"column\">\n\t\t\t<div class=\"elementor-column-wrap elementor-element-populated\">\n\t\t\t\t\t\t\t<div class=\"elementor-widget-wrap\">\n\t\t\t\t\t\t<div class=\"elementor-element elementor-element-4117e79 elementor-position-top elementor-vertical-align-top elementor-widget elementor-widget-image-box\" data-id=\"4117e79\" data-element_type=\"widget\" data-widget_type=\"image-box.default\">\n\t\t\t\t<div class=\"elementor-widget-container\">\n\t\t\t<div class=\"elementor-image-box-wrapper\"><figure class=\"elementor-image-box-img\"><a href=\"https:\/\/www.dgt.es\/inicio\/\"><img width=\"300\" height=\"149\" src=\"https:\/\/accionsg.crtvg.gal\/brillanaescuridade\/wp-content\/uploads\/2022\/01\/1200px-DGT_logo.svg_-300x149.png\" class=\"attachment-medium size-medium\" alt=\"\" loading=\"lazy\" \/><\/a><\/figure><div class=\"elementor-image-box-content\"><h1 class=\"elementor-image-box-title\"><a href=\"https:\/\/www.dgt.es\/inicio\/\">Direcci\u00f3n Xeral de tr\u00e1fico<\/a><\/h1><p class=\"elementor-image-box-description\">A p\u00e1xina da Real Academia Galega ofrece unha extensa escolma de artigos sobre a vida, obra e influenza de Antonio Fraguas<\/p><\/div><\/div>\t\t<\/div>\n\t\t\t\t<\/div>\n\t\t\t\t\t\t<\/div>\n\t\t\t\t\t<\/div>\n\t\t<\/div>\n\t\t\t\t<div class=\"elementor-column elementor-col-33 elementor-top-column elementor-element elementor-element-2c3131b\" data-id=\"2c3131b\" data-element_type=\"column\">\n\t\t\t<div class=\"elementor-column-wrap elementor-element-populated\">\n\t\t\t\t\t\t\t<div class=\"elementor-widget-wrap\">\n\t\t\t\t\t\t<div class=\"elementor-element elementor-element-f43125e elementor-position-top elementor-vertical-align-top elementor-widget elementor-widget-image-box\" data-id=\"f43125e\" data-element_type=\"widget\" data-widget_type=\"image-box.default\">\n\t\t\t\t<div class=\"elementor-widget-container\">\n\t\t\t<div class=\"elementor-image-box-wrapper\"><figure class=\"elementor-image-box-img\"><a href=\"https:\/\/fgalegaciclismo.es\/index.php\/es\/smartweb\/seccion\/seccion\/galicia\/Inicio\" target=\"_blank\"><img width=\"268\" height=\"132\" src=\"https:\/\/accionsg.crtvg.gal\/brillanaescuridade\/wp-content\/uploads\/2022\/01\/FedGalCiclismo.png\" class=\"attachment-full size-full\" alt=\"\" loading=\"lazy\" \/><\/a><\/figure><div class=\"elementor-image-box-content\"><h3 class=\"elementor-image-box-title\"><a href=\"https:\/\/fgalegaciclismo.es\/index.php\/es\/smartweb\/seccion\/seccion\/galicia\/Inicio\" target=\"_blank\">Federaci\u00f3n Galega de Ciclismo<\/a><\/h3><p class=\"elementor-image-box-description\">P\u00e1xina da entidade que promociona a campa\u00f1a #EuFagomeVer para a visibilidade dos ciclistas nas v\u00edas galegas<\/p><\/div><\/div>\t\t<\/div>\n\t\t\t\t<\/div>\n\t\t\t\t\t\t<\/div>\n\t\t\t\t\t<\/div>\n\t\t<\/div>\n\t\t\t\t<div class=\"elementor-column elementor-col-33 elementor-top-column elementor-element elementor-element-7c081d2\" data-id=\"7c081d2\" data-element_type=\"column\">\n\t\t\t<div class=\"elementor-column-wrap elementor-element-populated\">\n\t\t\t\t\t\t\t<div class=\"elementor-widget-wrap\">\n\t\t\t\t\t\t<div class=\"elementor-element elementor-element-2adb52a elementor-position-top elementor-vertical-align-top elementor-widget elementor-widget-image-box\" data-id=\"2adb52a\" data-element_type=\"widget\" data-widget_type=\"image-box.default\">\n\t\t\t\t<div class=\"elementor-widget-container\">\n\t\t\t<div class=\"elementor-image-box-wrapper\"><figure class=\"elementor-image-box-img\"><a href=\"https:\/\/caminodesantiago.dgt.es\/inicio\/\" target=\"_blank\"><img width=\"438\" height=\"102\" src=\"https:\/\/accionsg.crtvg.gal\/brillanaescuridade\/wp-content\/uploads\/2022\/01\/camino-de-santiago@2x.png\" class=\"attachment-full size-full\" alt=\"\" loading=\"lazy\" \/><\/a><\/figure><div class=\"elementor-image-box-content\"><h3 class=\"elementor-image-box-title\"><a href=\"https:\/\/caminodesantiago.dgt.es\/inicio\/\" target=\"_blank\">Cami\u00f1o de Santiago - Cami\u00f1o seguro<\/a><\/h3><p class=\"elementor-image-box-description\">Informaci\u00f3n sobre os actos conmemorativos arredor do d\u00eda 17 de maio, con especial atenci\u00f3n \u00e1s actividades desenvolvidas no eido educativo<\/p><\/div><\/div>\t\t<\/div>\n\t\t\t\t<\/div>\n\t\t\t\t\t\t<\/div>\n\t\t\t\t\t<\/div>\n\t\t<\/div>\n\t\t\t\t\t\t\t\t<\/div>\n\t\t\t\t\t<\/div>\n\t\t<\/section>\n\t\t\t\t<section class=\"elementor-section elementor-top-section elementor-element elementor-element-2bb7baa elementor-section-boxed elementor-section-height-default elementor-section-height-default\" data-id=\"2bb7baa\" data-element_type=\"section\" data-settings=\"{&quot;background_background&quot;:&quot;classic&quot;}\">\n\t\t\t\t\t\t<div class=\"elementor-container elementor-column-gap-default\">\n\t\t\t\t\t\t\t<div class=\"elementor-row\">\n\t\t\t\t\t<div class=\"elementor-column elementor-col-100 elementor-top-column elementor-element elementor-element-60cb585\" data-id=\"60cb585\" data-element_type=\"column\">\n\t\t\t<div class=\"elementor-column-wrap elementor-element-populated\">\n\t\t\t\t\t\t\t<div class=\"elementor-widget-wrap\">\n\t\t\t\t\t\t<div class=\"elementor-element elementor-element-24432f0 elementor-widget elementor-widget-image\" data-id=\"24432f0\" data-element_type=\"widget\" data-widget_type=\"image.default\">\n\t\t\t\t<div class=\"elementor-widget-container\">\n\t\t\t\t\t\t\t\t<div class=\"elementor-image\">\n\t\t\t\t\t\t\t\t\t\t\t\t<img width=\"300\" height=\"76\" src=\"https:\/\/accionsg.crtvg.gal\/brillanaescuridade\/wp-content\/uploads\/2022\/01\/cabeceira-300x76.png\" class=\"attachment-medium size-medium\" alt=\"\" loading=\"lazy\" srcset=\"https:\/\/accionsg.crtvg.gal\/brillanaescuridade\/wp-content\/uploads\/2022\/01\/cabeceira-300x76.png 300w, https:\/\/accionsg.crtvg.gal\/brillanaescuridade\/wp-content\/uploads\/2022\/01\/cabeceira-1024x260.png 1024w, https:\/\/accionsg.crtvg.gal\/brillanaescuridade\/wp-content\/uploads\/2022\/01\/cabeceira-768x195.png 768w, https:\/\/accionsg.crtvg.gal\/brillanaescuridade\/wp-content\/uploads\/2022\/01\/cabeceira.png 1054w\" sizes=\"(max-width: 300px) 100vw, 300px\" \/>\t\t\t\t\t\t\t\t\t\t\t\t\t\t<\/div>\n\t\t\t\t\t\t<\/div>\n\t\t\t\t<\/div>\n\t\t\t\t<div class=\"elementor-element elementor-element-a0832ed elementor-widget elementor-widget-image\" data-id=\"a0832ed\" data-element_type=\"widget\" data-widget_type=\"image.default\">\n\t\t\t\t<div class=\"elementor-widget-container\">\n\t\t\t\t\t\t\t\t<div class=\"elementor-image\">\n\t\t\t\t\t\t\t\t\t\t\t\t\t<a href=\"https:\/\/www.undp.org\/content\/undp\/es\/home\/sustainable-development-goals.html\" target=\"_blank\">\n\t\t\t\t\t\t\t<img width=\"300\" height=\"300\" src=\"https:\/\/accionsg.crtvg.gal\/brillanaescuridade\/wp-content\/uploads\/2022\/01\/ODS-branco-300x300.png\" class=\"attachment-medium size-medium\" alt=\"\" loading=\"lazy\" srcset=\"https:\/\/accionsg.crtvg.gal\/brillanaescuridade\/wp-content\/uploads\/2022\/01\/ODS-branco-300x300.png 300w, https:\/\/accionsg.crtvg.gal\/brillanaescuridade\/wp-content\/uploads\/2022\/01\/ODS-branco-1024x1024.png 1024w, https:\/\/accionsg.crtvg.gal\/brillanaescuridade\/wp-content\/uploads\/2022\/01\/ODS-branco-150x150.png 150w, https:\/\/accionsg.crtvg.gal\/brillanaescuridade\/wp-content\/uploads\/2022\/01\/ODS-branco-768x768.png 768w, https:\/\/accionsg.crtvg.gal\/brillanaescuridade\/wp-content\/uploads\/2022\/01\/ODS-branco-1536x1536.png 1536w, https:\/\/accionsg.crtvg.gal\/brillanaescuridade\/wp-content\/uploads\/2022\/01\/ODS-branco-2048x2048.png 2048w\" sizes=\"(max-width: 300px) 100vw, 300px\" \/>\t\t\t\t\t\t\t\t<\/a>\n\t\t\t\t\t\t\t\t\t\t\t\t\t\t<\/div>\n\t\t\t\t\t\t<\/div>\n\t\t\t\t<\/div>\n\t\t\t\t\t\t<\/div>\n\t\t\t\t\t<\/div>\n\t\t<\/div>\n\t\t\t\t\t\t\t\t<\/div>\n\t\t\t\t\t<\/div>\n\t\t<\/section>\n\t\t\t\t<section class=\"elementor-section elementor-top-section elementor-element elementor-element-83b3a30 elementor-section-boxed elementor-section-height-default elementor-section-height-default\" data-id=\"83b3a30\" data-element_type=\"section\" data-settings=\"{&quot;background_background&quot;:&quot;classic&quot;}\">\n\t\t\t\t\t\t<div class=\"elementor-container elementor-column-gap-default\">\n\t\t\t\t\t\t\t<div class=\"elementor-row\">\n\t\t\t\t\t<div class=\"elementor-column elementor-col-50 elementor-top-column elementor-element elementor-element-f3389d5\" data-id=\"f3389d5\" data-element_type=\"column\">\n\t\t\t<div class=\"elementor-column-wrap elementor-element-populated\">\n\t\t\t\t\t\t\t<div class=\"elementor-widget-wrap\">\n\t\t\t\t\t\t<div class=\"elementor-element elementor-element-eceebc9 e-grid-align-left elementor-shape-rounded elementor-grid-0 elementor-widget elementor-widget-social-icons\" data-id=\"eceebc9\" data-element_type=\"widget\" data-widget_type=\"social-icons.default\">\n\t\t\t\t<div class=\"elementor-widget-container\">\n\t\t\t\t\t<div class=\"elementor-social-icons-wrapper elementor-grid\">\n\t\t\t\t\t\t\t<span class=\"elementor-grid-item\">\n\t\t\t\t\t<a class=\"elementor-icon elementor-social-icon elementor-social-icon-facebook elementor-repeater-item-cf337e6\" href=\"https:\/\/www.facebook.com\/televisiondegalicia\/\" target=\"_blank\">\n\t\t\t\t\t\t<span class=\"elementor-screen-only\">Facebook<\/span>\n\t\t\t\t\t\t\t\t\t\t\t\t\t<i class=\"fa fa-facebook\"><\/i>\n\t\t\t\t\t\t\t\t\t\t\t<\/a>\n\t\t\t\t<\/span>\n\t\t\t\t\t\t\t<span class=\"elementor-grid-item\">\n\t\t\t\t\t<a class=\"elementor-icon elementor-social-icon elementor-social-icon-twitter elementor-repeater-item-463d8a3\" href=\"https:\/\/twitter.com\/tvgalicia\" target=\"_blank\">\n\t\t\t\t\t\t<span class=\"elementor-screen-only\">Twitter<\/span>\n\t\t\t\t\t\t\t\t\t\t\t\t\t<i class=\"fa fa-twitter\"><\/i>\n\t\t\t\t\t\t\t\t\t\t\t<\/a>\n\t\t\t\t<\/span>\n\t\t\t\t\t\t\t<span class=\"elementor-grid-item\">\n\t\t\t\t\t<a class=\"elementor-icon elementor-social-icon elementor-social-icon-instagram elementor-repeater-item-215f255\" href=\"https:\/\/www.instagram.com\/tvgalicia\/\" target=\"_blank\">\n\t\t\t\t\t\t<span class=\"elementor-screen-only\">Instagram<\/span>\n\t\t\t\t\t\t\t\t\t\t\t\t\t<i class=\"fa fa-instagram\"><\/i>\n\t\t\t\t\t\t\t\t\t\t\t<\/a>\n\t\t\t\t<\/span>\n\t\t\t\t\t<\/div>\n\t\t\t\t<\/div>\n\t\t\t\t<\/div>\n\t\t\t\t\t\t<\/div>\n\t\t\t\t\t<\/div>\n\t\t<\/div>\n\t\t\t\t<div class=\"elementor-column elementor-col-50 elementor-top-column elementor-element elementor-element-474a457\" data-id=\"474a457\" data-element_type=\"column\">\n\t\t\t<div class=\"elementor-column-wrap elementor-element-populated\">\n\t\t\t\t\t\t\t<div class=\"elementor-widget-wrap\">\n\t\t\t\t\t\t<div class=\"elementor-element elementor-element-b808ae0 elementor-widget elementor-widget-image\" data-id=\"b808ae0\" data-element_type=\"widget\" data-widget_type=\"image.default\">\n\t\t\t\t<div class=\"elementor-widget-container\">\n\t\t\t\t\t\t\t\t<div class=\"elementor-image\">\n\t\t\t\t\t\t\t\t\t\t\t\t\t<a href=\"http:\/\/www.crtvg.gal\/\">\n\t\t\t\t\t\t\t<img width=\"300\" height=\"150\" src=\"https:\/\/accionsg.crtvg.gal\/brillanaescuridade\/wp-content\/uploads\/2019\/05\/CRTVG-transparente-300x150-300x150.png\" class=\"attachment-medium size-medium\" alt=\"\" loading=\"lazy\" \/>\t\t\t\t\t\t\t\t<\/a>\n\t\t\t\t\t\t\t\t\t\t\t\t\t\t<\/div>\n\t\t\t\t\t\t<\/div>\n\t\t\t\t<\/div>\n\t\t\t\t\t\t<\/div>\n\t\t\t\t\t<\/div>\n\t\t<\/div>\n\t\t\t\t\t\t\t\t<\/div>\n\t\t\t\t\t<\/div>\n\t\t<\/section>\n\t\t\t\t\t\t<\/div>\n\t\t\t\t\t\t<\/div>\n\t\t\t\t\t<\/div>\n\t\t","protected":false},"excerpt":{"rendered":"<p>A CRTVG \u00e9 socia do Pacto Mundial das Naci\u00f3ns Unidas e encadra as s\u00faas acci\u00f3ns de Responsabilidade Social Corporativa no marco dos Obxectivos de Desenvolvemento Sustentable (ODS) de Naci\u00f3ns Unidas. Esta nova acci\u00f3n que a CRTVG pon en marcha para fomentar o uso de&nbsp; elementos reflectantes aos viandantes nas estradas [&hellip;]<\/p>\n","protected":false},"author":1,"featured_media":0,"parent":0,"menu_order":0,"comment_status":"closed","ping_status":"closed","template":"page-templates\/template-pagebuilder-full-width.php","meta":{"_themeisle_gutenberg_block_has_review":false},"_links":{"self":[{"href":"https:\/\/accionsg.crtvg.gal\/brillanaescuridade\/wp-json\/wp\/v2\/pages\/139"}],"collection":[{"href":"https:\/\/accionsg.crtvg.gal\/brillanaescuridade\/wp-json\/wp\/v2\/pages"}],"about":[{"href":"https:\/\/accionsg.crtvg.gal\/brillanaescuridade\/wp-json\/wp\/v2\/types\/page"}],"author":[{"embeddable":true,"href":"https:\/\/accionsg.crtvg.gal\/brillanaescuridade\/wp-json\/wp\/v2\/users\/1"}],"replies":[{"embeddable":true,"href":"https:\/\/accionsg.crtvg.gal\/brillanaescuridade\/wp-json\/wp\/v2\/comments?post=139"}],"version-history":[{"count":100,"href":"https:\/\/accionsg.crtvg.gal\/brillanaescuridade\/wp-json\/wp\/v2\/pages\/139\/revisions"}],"predecessor-version":[{"id":393,"href":"https:\/\/accionsg.crtvg.gal\/brillanaescuridade\/wp-json\/wp\/v2\/pages\/139\/revisions\/393"}],"wp:attachment":[{"href":"https:\/\/accionsg.crtvg.gal\/brillanaescuridade\/wp-json\/wp\/v2\/media?parent=139"}],"curies":[{"name":"wp","href":"https:\/\/api.w.org\/{rel}","templated":true}]}}